te the greatest common divisor of p and o.
11
Let o = -12 + 21. Suppose -27 = 4*v - 7*v. Calculate the highest common divisor of o and v.
9
Suppose -2*m + 625 = -7*m. Let f be m/10*8/(-10). What is the greatest common divisor of 4 and f?
2
Suppose 0 = 2*k - 4 - 20. Calculate the highest common factor of 2 and k.
2
Suppose -75 = 3*p + 2*p. Let n be 2/6 - 415/p. Let d = n + -20. What is the greatest common divisor of 12 and d?
4
Let i be ((-4)/5)/(4/(-30)). Let n be 6*-1*4/(-6). Let p be (n - (0 - 0)) + -1. Calculate the highest common factor of p and i.
3
Suppose -t - 2*i = -5*i - 33, 0 = 2*t + 4*i - 76. What is the highest common divisor of t and 72?
36
Let a(r) = 2*r + 7. Let b be a(-6). Let k be 74/5 - 1/b. Suppose 0 = 2*m - n - 155, 0*n - 5*n - 400 = -5*m. Calculate the greatest common divisor of k and m.
15
Let b(a) = -a**3 - 12*a**2 - 13*a - 2. Let p be b(-11). What is the highest common factor of 50 and p?
10
Let h be 2/(-7) - 1180/(-14). Suppose 4*b + 0*b + 3*i = 54, -b = -2*i - 8. What is the highest common divisor of b and h?
12
Let q = -26 - -18. Let v be (1*-2)/(q/36). Calculate the greatest common divisor of 18 and v.
9
Let y(l) = -l**3 + 2*l**2 + 2*l - 1. Let c be y(2). Let p = 20 - 11. Calculate the greatest common divisor of p and c.
3
Let x = 53 - 47. What is the highest common factor of x and 72?
6
Let y(k) = 15*k - 42. Let i be y(6). Calculate the highest common divisor of 6 and i.
6
Let o(f) = 35*f - 5. Let n be o(2). What is the highest common factor of 13 and n?
13
Let r = -18 - -15. Let t = 6 + r. Calculate the greatest common factor of t and 12.
3
Suppose 0*i - 2*i = 0. Suppose m + 20 = -i*f + 4*f, 4*f - 5*m - 36 = 0. Let r be -2*17*(-2)/f. Calculate the greatest common divisor of 153 and r.
17
Let h be ((-20)/(-6))/((-2)/(-6)). Let n be (h - (-1 - 0))/1. What is the greatest common factor of 77 and n?
11
Let y(w) = -w**3 + 14*w**2 + 14*w + 31. Let r be y(15). Calculate the highest common divisor of 304 and r.
16
Suppose -2*k - 4*f + 0*f = -80, 5*k - 3*f = 265. Calculate the greatest common factor of k and 10.
10
Let a(g) = 9*g - 3. Let y be a(7). Suppose -3*l - 2*l + y = 0. Let s be (-1 - -12) + (2 - 1). What is the highest common factor of l and s?
12
Let y be (-13)/39*(-1 - (11 + 0)). Suppose 4 + 16 = 5*m. Calculate the highest common factor of y and m.
4
Let o = 0 - -7. Let w(f) = 3*f**2 - f. Let n be w(-2). Suppose -3*z + 28 = -n. Calculate the greatest common divisor of o and z.
7
Suppose 4*v - 29 - 25 = -5*u, 4*u - 48 = -2*v. Calculate the highest common divisor of u and 140.
14
Suppose 0 = 5*v + 5*b - 274 - 81, 2*v = b + 145. What is the greatest common divisor of 8 and v?
8
Let k be (-35)/(-3) - (-3)/9. Let h = 3 - k. Let p be -8*(-1)/((-6)/h). What is the highest common factor of p and 3?
3
Let s = 495 + -248. Calculate the greatest common factor of s and 13.
13
Let i be (-6)/9 - 32/6. Let j = 5 + i. Let k be j*(1 - 1) + 60. Calculate the highest common factor of k and 12.
12
Let z be (36/(-10) + (-3)/(-1))*-15. What is the highest common divisor of 63 and z?
9
Let r(f) = f - 1. Let o be r(5). Let p be ((-2)/o)/((-2)/204). Let y(i) = i**2 + 10*i - 7. Let n be y(-12). What is the highest common factor of n and p?
17
Suppose -3*j = 2*j - 5. Let c = 10 - 1. Calculate the greatest common divisor of c and j.
1
Suppose 5*z + 49 = 4*y, -2*y + 4 + 3 = z. Suppose -h - 5 = -y. Let s be h/(-1)*(-54 + -1). Calculate the highest common divisor of 11 and s.
11
Let o = -22 + 31. Calculate the greatest common divisor of o and 54.
9
Let p = -18 - -9. Let z(u) = -11*u. Let n be z(p). Calculate the highest common divisor of n and 11.
11
Let q = -7 - -7. Suppose 4*o = 2*n + 3*n + 524, 5*o + 5*n - 700 = q. Calculate the greatest common divisor of o and 17.
17
Let r = 22 - 12. Calculate the highest common divisor of 70 and r.
10
Let b(h) = -h**2 - 12*h - 6. Let d be (2 + -3)/((-1)/(-9)). Let r be b(d). Calculate the greatest common factor of r and 105.
21
Let j be (-2)/(-4) - 150/(-4). Suppose -3*w = -2*w - 4*q + 1, -q + 81 = 4*w. What is the greatest common factor of w and j?
19
Let b = 267 + -50. Calculate the highest common divisor of 31 and b.
31
Let b be (4/5)/(4/70). Let t be 4/6*(-2 + 5). Calculate the highest common factor of b and t.
2
Suppose -4*d = -6*d + 54. What is the greatest common divisor of 18 and d?
9
Suppose 4*r - 784 + 64 = 0. Calculate the greatest common divisor of 18 and r.
18
Suppose 168 = 9*t - 30. What is the greatest common divisor of 242 and t?
22
Suppose -3*q = -q - 4. Suppose -q*r = -r - 5. Calculate the highest common factor of r and 2.
1
Let i be (-102)/(-9) - (-1)/(-6)*2. What is the highest common factor of 1 and i?
1
Let m(b) = b**3 + 7*b**2 + 3*b - 1. Let r be m(-5). Calculate the greatest common factor of 85 and r.
17
Let o = -11 + 18. What is the highest common divisor of o and 1?
1
Suppose -14 = -4*f + 2*f. Let w be 1*-1 - (-21)/f. Calculate the highest common factor of 2 and w.
2
Let i(r) = -r**3 + 2*r**2 + 3*r + 1. Let g be i(3). Suppose -4*y - 4*x = -37 + g, -6 = -2*y - 5*x. What is the greatest common factor of 104 and y?
13
Let d be 1 - (0/1 - -1). Suppose a + 3*a - 36 = d. Suppose -4*n + 4 = -0. Calculate the highest common divisor of a and n.
1
Let y be -2 + 1 - (1 + -92). Let g = 46 + -31. Suppose -15 = -3*f + g. What is the highest common factor of y and f?
10
Let m be (-680)/(-15) + (-2)/6. Calculate the greatest common divisor of m and 18.
9
Let z(f) = f**3 - 5*f**2 + f + 3. Let d be z(5). What is the highest common divisor of d and 8?
8
Let m = -11 - -21. Let q be 28/m - (-1)/5. What is the highest common divisor of 6 and q?
3
Suppose -o = -3*o - 10. Let n be ((-34)/o)/((-4)/(-10)). Suppose 0*b + 2*b - 170 = 0. What is the highest common divisor of n and b?
17
Suppose -3*o - 4*o + 21 = 0. Calculate the greatest common factor of 21 and o.
3
Suppose -2*f + 6 = 2*i, 5*f - 3*i + 2 = f. Let c be (f - 1)/(1/1). Suppose c*d + 72 = 2*d. What is the highest common factor of 4 and d?
4
Suppose 0 = 2*a + 4*x - 38, -a = a + x - 44. Suppose 0 = s - 35 - a. What is the greatest common divisor of 145 and s?
29
Suppose -2*v - 12 = 2*l - 2, l = -4. Let w be 61 + (-1)/(2 + v). Let t be 2/(-7) - w/(-14). What is the greatest common factor of 32 and t?
4
Let v be 3/((-21)/(-982)) - (-2)/(-7). Let j be 10*((-6)/3)/(-4). Suppose q = 19 - j. Calculate the greatest common factor of v and q.
14
Suppose 2*i + 84 = -4*f, 0 = 3*f - 0*f + 3*i + 63. Let b be (-57)/f - (-4)/14. Suppose -b = h - 5. Calculate the highest common factor of h and 10.
2
Let m(p) = -p**3 - 6*p**2 - 4*p + 3. Let n be m(-7). What is the greatest common factor of n and 32?
16
Let m(r) = 4*r - 12. Let d be m(9). Calculate the greatest common divisor of 12 and d.
12
Let a(c) = -2*c**2 - 10*c - 2. Let j be a(-4). Let g(s) = -s**2 + 10*s - 10. Let x be g(8). What is the greatest common factor of x and j?
6
Let r = -12 + 21. Suppose x = 3*q + 8, -3*q - 64 = -r*x + 4*x. Suppose l - m = 157, m = 3*l + 2*m - 459. What is the greatest common divisor of l and x?
14
Let k = 4 - 3. Let b = -7 + 6. Let s be (b + k + 5)*1. What is the highest common divisor of s and 2?
1
Suppose -l - 3*l + 80 = 0. What is the greatest common factor of 4 and l?
4
Suppose 2*g + 5*y = 21, -y = -3*g + y + 22. Calculate the greatest common divisor of 4 and g.
4
Suppose 2*g - 3*g + h = -29, -4*h - 52 = -2*g. Calculate the greatest common factor of 48 and g.
16
Let v be ((-16)/6)/(1/(-3)). Let d be 122/v - 6/24. Calculate the highest common divisor of d and 60.
15
Let y be (-1 + -1 - -10) + 0. Let d be (16*3 - 4)*2. Calculate the highest common factor of y and d.
8
Suppose -2*p - 3*h = -14, 4*p + 3*h + 2*h = 24. Let x(r) = 2*r**2 - 2*r - 2. Let m be x(2). Let u = m - p. Calculate the greatest common factor of 2 and u.
1
Suppose 4 = -0*i + 2*i. Let q be (11 - i)/(0 + 1). Let h(o) = -5*o - 46. Let x be h(-20). Calculate the greatest common factor of x and q.
9
Let o be 1/1 - (-72 - -4). Let m be (2 - 1) + 0 + o. Calculate the greatest common factor of 14 and m.
14
Suppose 9 = -3*w, 3*o - 65 = -2*o - 5*w. What is the highest common factor of 40 and o?
8
Let d = -49 - -101. Suppose -b = s - d, -5*s - 3*b + 179 + 73 = 0. What is the greatest common factor of s and 6?
6
Let p 